*u + 2. Let s(l) = -190*l - 3. Let n(g) = 5*r(g) + 3*s(g). What are the prime factors of n(f)?
191
Suppose 41*o - 28416 = 9*o. Suppose o*p + 1264 = 890*p. List the prime factors of p.
2, 79
Suppose 0 = -p - 3*p + 16. Suppose 3*x - p*b = 2946, 5*x = -12*b + 10*b + 4910. List the prime factors of x.
2, 491
Let w = -21835 + 47088. List the prime factors of w.
25253
Let k(q) = -q**3 + 5*q**2 - 3*q - 12. Let z be k(4). What are the prime factors of (-383)/z + (-7)/(-56)?
2, 3
Let v(g) = 98*g**3 - 19*g**2 - g - 45. List the prime factors of v(6).
3, 7, 139
List the prime factors of -3*(6 - ((29012/6 - -2) + 2)).
2, 5, 29
Let g = -38 - -24. Let i(w) = 25*w**2 + 21*w + 11. Let v(r) = -71*r**2 - 61*r - 35. Let d(n) = -17*i(n) - 6*v(n). List the prime factors of d(g).
3, 31
Let o(b) = 13*b**2 + 737*b - 7. What are the prime factors of o(14)?
7, 11, 167
Let t = 375 + -373. Suppose 2*s = -0*s. Suppose b + 3*o - 83 = t*o, 2*b + 3*o - 169 = s. List the prime factors of b.
2, 5
Let j(z) = 75*z - 17. Let m be j(7). Let q = -167 + m. List the prime factors of q.
11, 31
Suppose -88*g + q = -85*g - 18782, 2*g + 6*q = 12528. What are the prime factors of g?
3, 2087
Let l = -239 + 571. Let f = l + 110. List the prime factors of f.
2, 13, 17
Let j(w) = 7*w**3 - 9*w**2 + 7*w - 28. Let t be j(8). Suppose 0 = 28*a - 17*a - t. List the prime factors of a.
2, 3, 23
Let z be (16 - (-30)/(-5))*-1. What are the prime factors of z/25*-5*53?
2, 53
Let i be (-25182)/(-63) + (6/(-7))/(-3). Suppose 3*a - 283 = -2*p, 4*p + 3*a = i + 157. List the prime factors of p.
137
Let z be 125/(-75)*(-5 - 1). List the prime factors of (-2 + z)*(-3021)/(-38).
2, 3, 53
Let f(q) = 2*q**2 + 13*q + 3. Let t be f(-5). What are the prime factors of ((-1)/(t/(-642)))/(1/(-8))?
2, 107
Suppose -2*y = y. Suppose y = 4*x + 2*v + 2, -x - 3*x + 3*v = -3. Suppose 0*k + 5*k + 2*g - 55 = 0, x = -5*g. What are the prime factors of k?
11
Let g be 1 - -4*(2 - 581). Let x = g + 3378. List the prime factors of x.
1063
Let k be ((-4)/(-2))/((-4152)/520 - -8). Let f = 442 - k. List the prime factors of f.
2, 3, 13
Suppose -5*a = -5*x - 15, 3*a + 15 = -x + a. Let v be 4 + 0 + x - -115. Let b = -77 + v. What are the prime factors of b?
5, 7
Suppose -7*r = -79950 - 255280 + 84168. What are the prime factors of r?
2, 79, 227
Let l = -764 - -774. Let y(f) = f**3 - 9*f**2 + 6*f + 17. List the prime factors of y(l).
3, 59
Let w be 3/(-3 - -6)*11. Let c = 5 + w. Let r = c + 75. What are the prime factors of r?
7, 13
Let k = 610 + -921. Let m = 266 - k. List the prime factors of m.
577
Let w(a) = a**2 + 2*a - 2. Let v be w(-3). List the prime factors of (-8 + v)*(-5 + -34).
3, 7, 13
Suppose -8*o - 220 + 212 = 0. Let f be (-26)/4*(-1 - 1). What are the prime factors of (f/52)/(o/(-436))?
109
Let n be (-10)/3 + 9/27. Let g(u) = -12*u**2 - 63*u + 12. Let m(k) = -k**2 - 4*k. Let c(x) = g(x) - 15*m(x). List the prime factors of c(n).
2, 3
Suppose -42*m = -m - 1927. Suppose -m*c + 62380 + 12303 = 0. List the prime factors of c.
7, 227
Suppose 0 = -3*u + 2*b + 10985, -9*u + 7*u + 5*b = -7349. List the prime factors of u.
3, 23, 53
Let x(b) be the first derivative of -b**4/4 + b**3/3 + b**2 - 3*b - 4. Let r be x(2). What are the prime factors of (r - -5) + 1*40?
2, 3, 7
Suppose -4*n + 2*n = -260. Suppose 3*p - n = -0*p + 5*v, 5*p = 3*v + 222. Let l = -10 + p. List the prime factors of l.
5, 7
Suppose -238 = -2*w + 4*a, -w + 3*a = -3*w + 203. Let x(c) = w - 10*c + 109 + 0*c - 217. What are the prime factors of x(-7)?
71
Let q(u) be the third derivative of u**5/10 + 9*u**4/2 - 7*u**3/6 + 39*u**2 - 2*u. List the prime factors of q(10).
7, 239
Suppose 4 - 6 = -2*q. Let o(l) = 12*l - 3. Let x(f) = 36*f - 9. Let u(z) = 7*o(z) - 2*x(z). List the prime factors of u(q).
3
Let f(t) = 26*t**2 + 168 + 15*t**2 - 63*t**2 + 20*t + 25*t**2 - 15. List the prime factors of f(-23).
2, 5
Suppose d = -5*a + 22529, -41326 - 48566 = -4*d + 8*a. What are the prime factors of d?
43, 523
Let j(o) = -645*o**3 - 8*o**2 - 6*o - 6. What are the prime factors of j(-2)?
2, 17, 151
Let j be ((-81)/(-45))/((-9)/(-60)). Let q be (20/24)/(2/j). Suppose -q*v - 4*f + 364 = 0, 4*v - f = f + 312. List the prime factors of v.
2, 19
Let c = -48 + 60. Let v be (-2)/(-3)*1458/c. What are the prime factors of (-4)/(18/v - 106/396)?
2, 11
Let q = -18 + 100. Suppose -4*d - 4*i = -92, i = 4*i - 3. Let n = q - d. List the prime factors of n.
2, 3, 5
Let n(h) = -19*h + 46*h - 19*h - 11. Let d be (-3)/(-2 + (-39)/(-24)). What are the prime factors of n(d)?
53
Let q = -16608 - -17298. What are the prime factors of q?
2, 3, 5, 23
Let i(l) = 16*l**2 - 2*l - 1. Let p be i(-1). Let n(q) = 87*q**2 - q + 20*q - 88*q**2 + 3. What are the prime factors of n(p)?
37
Let x = 37 - 47. Let r be 2/(-4) + 1005/x. List the prime factors of -3 - (r - (3 + -7)).
2, 47
Let d(s) = -s**3 - 9*s**2 + 5*s - 35. Let a(x) = -9*x + 7. Let j be a(2). List the prime factors of d(j).
2, 19
Suppose -1167 = 21*p - 23690 - 61729. What are the prime factors of p?
2, 17, 59
Let t be ((-124)/8)/((-2)/4). Let b(j) = 13 + 3 - t - 12 - 9*j. List the prime factors of b(-16).
3, 13
Let d = 3596 + -3151. List the prime factors of d.
5, 89
Suppose -j - 31 = -23. Let a = j - -405. What are the prime factors of a?
397
Let n(t) = 6*t - 8. Let j be n(2). Let c be 1 - j/(-3*(-4)/(-24)). Suppose 4*r - 3484 = -c*r. List the prime factors of r.
2, 67
Suppose 28*c - 25*c - 1614 = 2*s, -4*c + 2*s + 2154 = 0. List the prime factors of (-1)/(5*(-4)/c).
3
Suppose -63 = 3*s - 78. Suppose 2*d + 4*q = 1066, -s*q = -2*d - d + 1621. List the prime factors of d.
3, 179
List the prime factors of (4992/195)/(2/2215).
2, 443
Let s be ((-3)/(-9))/(2/12) - 274. Let h = s + 523. Let p = h - 130. List the prime factors of p.
11
List the prime factors of (-4)/5 + -13 + (-3410484)/(-105).
32467
Let k(s) = -476*s**3 - 3*s**2 - 16*s + 10. Let y(l) = 714*l**3 + 4*l**2 + 25*l - 15. Let q(v) = -8*k(v) - 5*y(v). What are the prime factors of q(2)?
17, 113
Let u(m) = -2*m - 4. Let x be u(-4). Let v(z) = -4*z**2 - 31*z + 26. Let o(w) = w**2 + 10*w - 9. Let t(d) = -8*o(d) - 3*v(d). List the prime factors of t(x).
2, 5, 11
What are the prime factors of -1 - -1 - ((-494)/(-26) + -4748)?
4729
Suppose 4*m + 1134 = 6*m + 4*z, -2765 = -5*m + 4*z. Suppose 2*j + 1755 = -5*f, 3*f + 2*j + 822 = -227. Let o = m + f. What are the prime factors of o?
2, 3, 17
Suppose 0 = 5*s, 280 = 4*h - 3*s - 188. Let t = -26 + h. Let g = 24 + t. List the prime factors of g.
5, 23
Let a = -749 + 1130. Let b = -81 + a. List the prime factors of b.
2, 3, 5
Let f(i) = 29*i**2 - 10*i + 22. Let r(u) = -u**2 - 10*u + 59. Let c be r(-14). List the prime factors of f(c).
11, 23
Let c(q) = -62*q**3 - 9*q**2 + 73*q + 50. What are the prime factors of c(-6)?
2, 5, 317
Suppose 3*i = -2*f - 350, 4*f - 2*f + 340 = 2*i. Let b = f + 444. Suppose -4*r + 52 + b = 0. What are the prime factors of r?
3
Let o = -25 - -2. Let n = -34 + o. Let b = -16 - n. List the prime factors of b.
41
Let g(n) = -4*n**3 + 7*n**2 + 7*n - 3. Let q(y) = -y**3 + y**2 + y - 1. Let s(l) = -g(l) + 5*q(l). Let z = 139 - 143. What are the prime factors of s(z)?
2, 19
Suppose 0 = 4*w - 142 - 22. Let p be ((-50)/8)/(w/8 + -5). Let f = p + 92. List the prime factors of f.
2, 3, 7
Let u(z) = 51*z**2 - 26*z + 53. Suppose -137 = -29*b + 37. What are the prime factors of u(b)?
1733
Suppose 3*c + 12913 = -16*f + 20*f, c - 16127 = -5*f. What are the prime factors of f?
2, 1613
Let x = -44 + 64. Let t = x + -5. List the prime factors of 1412/15 + (-2)/t.
2, 47
Let a(n) = -3390*n + 571. List the prime factors of a(-7).
19, 1279
Let x(f) = 3*f**3 - f**2 - 9*f - 8. Let w be x(5). Suppose -b = 3, -8*c = -6*c - b - w. List the prime factors of c.
3, 7
Suppose -11*n + 9*n = 5*z - 14715, -4*n + 29444 = -4*z. What are the prime factors of n?
2, 5, 23
Suppose 34503 = 5*a - m + 5168, 3*a + 2*m = 17601. What are the prime factors of a?
5867
Let i(p) = -6*p + 27. Let o be i(4). Suppose o - 18 = 5*r. What are the prime factors of r/4 + (-603)/(-36)?
2
Let d = -25 - -26. List the prime factors of 568/d + (-8)/12*-3.
2, 3, 5, 19
List the prime factors of (-22679 + 4)/(29 - 30).
5, 907
Let r(v) = -v**3 + 27*v**2 + 27*v + 18. Let o be r(28). Let m be o/2